{"id":465,"date":"2016-04-22T21:23:35","date_gmt":"2016-04-22T20:23:35","guid":{"rendered":"http:\/\/www.klusbedrijfweltevree.nl\/?page_id=465"},"modified":"2018-03-22T14:43:17","modified_gmt":"2018-03-22T13:43:17","slug":"homepage","status":"publish","type":"page","link":"https:\/\/www.klusbedrijfweltevree.nl\/","title":{"rendered":""},"content":{"rendered":"<div id=\"pl-465\"  class=\"panel-layout\" ><div id=\"pg-465-0\"  class=\"panel-grid panel-no-style\" ><div id=\"pgc-465-0-0\"  class=\"panel-grid-cell panel-grid-cell-empty\" ><\/div><div id=\"pgc-465-0-1\"  class=\"panel-grid-cell panel-grid-cell-empty panel-grid-cell-mobile-last\" ><\/div><div id=\"pgc-465-0-2\"  class=\"panel-grid-cell panel-grid-cell-empty\" ><\/div><\/div><div id=\"pg-465-1\"  class=\"panel-grid panel-no-style\" ><div id=\"pgc-465-1-0\"  class=\"panel-grid-cell\" ><div id=\"panel-465-1-0-0\" class=\"so-panel widget widget_circleicon-widget panel-first-child panel-last-child\" data-index=\"0\" >\t\t<div class=\"circle-icon-box circle-icon-position-top circle-icon-hide-box circle-icon-size-small \">\n\t\t\t\t\t\t\t<div class=\"circle-icon-wrapper\">\n\t\t\t\t\t\t\t\t\t\t<a href=\"http:\/\/www.klusbedrijfweltevree.nl\/index.php\/projecten\/\" class=\"link-icon\" >\t\t\t\t\t<div class=\"circle-icon\" >\n\t\t\t\t\t\t\t\t\t\t\t\t\t<div class=\"fa fa-plus-square-o\" ><\/div>\n\t\t\t\t\t\t\t\t\t\t\t<\/div> \n\t\t\t\t\t<\/a>\t\t\t\t<\/div>\n\t\t\t\n\t\t\t\t\t\t\t<a href=\"http:\/\/www.klusbedrijfweltevree.nl\/index.php\/projecten\/\" class=\"link-title\" >\n\t\t\t\t\t\t\t\t\t\t<h4 >\n\t\t\t\t\tGrote of kleine klus?\t\t\t\t<\/h4>\n\t\t\t\t\t\t\t\t\t\t<\/a>\n\t\t\t\n\t\t\t\t\t\t\t<p class=\"text\" >Dat doen wij met aandacht, oog voor detail en juiste materialen.<\/p>\n\t\t\t\t\t\t\t\t\t\t<a href=\"http:\/\/www.klusbedrijfweltevree.nl\/index.php\/projecten\/\" class=\"more-button\" >Lees meer <i><\/i><\/a>\n\t\t\t\t\t<\/div>\n\t\t<\/div><\/div><div id=\"pgc-465-1-1\"  class=\"panel-grid-cell\" ><div id=\"panel-465-1-1-0\" class=\"so-panel widget widget_circleicon-widget panel-first-child panel-last-child\" data-index=\"1\" >\t\t<div class=\"circle-icon-box circle-icon-position-top circle-icon-hide-box circle-icon-size-small \">\n\t\t\t\t\t\t\t<div class=\"circle-icon-wrapper\">\n\t\t\t\t\t\t\t\t\t\t<a href=\"http:\/\/www.klusbedrijfweltevree.nl\/index.php\/wie-zijn-wij\/\" class=\"link-icon\" >\t\t\t\t\t<div class=\"circle-icon\" >\n\t\t\t\t\t\t\t\t\t\t\t\t\t<div class=\"fa fa-refresh\" ><\/div>\n\t\t\t\t\t\t\t\t\t\t\t<\/div> \n\t\t\t\t\t<\/a>\t\t\t\t<\/div>\n\t\t\t\n\t\t\t\t\t\t\t<a href=\"http:\/\/www.klusbedrijfweltevree.nl\/index.php\/wie-zijn-wij\/\" class=\"link-title\" >\n\t\t\t\t\t\t\t\t\t\t<h4 >\n\t\t\t\t\tAlles in \u00e9\u00e9n!?\t\t\t\t<\/h4>\n\t\t\t\t\t\t\t\t\t\t<\/a>\n\t\t\t\n\t\t\t\t\t\t\t<p class=\"text\" >Dat betekent ons als aanspreekpunt voor al uw werkzaamheden.<\/p>\n\t\t\t\t\t\t\t\t\t\t<a href=\"http:\/\/www.klusbedrijfweltevree.nl\/index.php\/wie-zijn-wij\/\" class=\"more-button\" >Lees meer <i><\/i><\/a>\n\t\t\t\t\t<\/div>\n\t\t<\/div><\/div><div id=\"pgc-465-1-2\"  class=\"panel-grid-cell\" ><div id=\"panel-465-1-2-0\" class=\"so-panel widget widget_circleicon-widget panel-first-child panel-last-child\" data-index=\"2\" >\t\t<div class=\"circle-icon-box circle-icon-position-top circle-icon-hide-box circle-icon-size-small \">\n\t\t\t\t\t\t\t<div class=\"circle-icon-wrapper\">\n\t\t\t\t\t\t\t\t\t\t<a href=\"http:\/\/www.klusbedrijfweltevree.nl\/index.php\/machinale-houtbewerking\/\" class=\"link-icon\" >\t\t\t\t\t<div class=\"circle-icon\" >\n\t\t\t\t\t\t\t\t\t\t\t\t\t<div class=\"fa fa-puzzle-piece\" ><\/div>\n\t\t\t\t\t\t\t\t\t\t\t<\/div> \n\t\t\t\t\t<\/a>\t\t\t\t<\/div>\n\t\t\t\n\t\t\t\t\t\t\t<a href=\"http:\/\/www.klusbedrijfweltevree.nl\/index.php\/machinale-houtbewerking\/\" class=\"link-title\" >\n\t\t\t\t\t\t\t\t\t\t<h4 >\n\t\t\t\t\tMaatwerk?\t\t\t\t<\/h4>\n\t\t\t\t\t\t\t\t\t\t<\/a>\n\t\t\t\n\t\t\t\t\t\t\t<p class=\"text\" >Dat vraagt om onze passie, kennis en ervaring.<\/p>\n\t\t\t\t\t\t\t\t\t\t<a href=\"http:\/\/www.klusbedrijfweltevree.nl\/index.php\/machinale-houtbewerking\/\" class=\"more-button\" >Lees meer <i><\/i><\/a>\n\t\t\t\t\t<\/div>\n\t\t<\/div><\/div><div id=\"pgc-465-1-3\"  class=\"panel-grid-cell\" ><div id=\"panel-465-1-3-0\" class=\"so-panel widget widget_circleicon-widget panel-first-child panel-last-child\" data-index=\"3\" >\t\t<div class=\"circle-icon-box circle-icon-position-top circle-icon-hide-box circle-icon-size-small \">\n\t\t\t\t\t\t\t<div class=\"circle-icon-wrapper\">\n\t\t\t\t\t\t\t\t\t\t<a href=\"http:\/\/www.klusbedrijfweltevree.nl\/index.php\/goede-afspraken-het-hele-werk\/\" class=\"link-icon\" >\t\t\t\t\t<div class=\"circle-icon icon-style-set\" style=\"background-image: url(http:\/\/klusbedrijfweltevree.nl\/wp-content\/uploads\/2014\/04\/logo_vlok_icoon.png)\">\n\t\t\t\t\t\t\t\t\t\t\t<\/div> \n\t\t\t\t\t<\/a>\t\t\t\t<\/div>\n\t\t\t\n\t\t\t\t\t\t\t<a href=\"http:\/\/www.klusbedrijfweltevree.nl\/index.php\/goede-afspraken-het-hele-werk\/\" class=\"link-title\" >\n\t\t\t\t\t\t\t\t\t\t<h4 >\n\t\t\t\t\tUw klus met extra garantie?\t\t\t\t<\/h4>\n\t\t\t\t\t\t\t\t\t\t<\/a>\n\t\t\t\n\t\t\t\t\t\t\t<p class=\"text\" >Wij als Vlok-lid zorgen daar natuurlijk voor.<\/p>\n\t\t\t\t\t\t\t\t\t\t<a href=\"http:\/\/www.klusbedrijfweltevree.nl\/index.php\/goede-afspraken-het-hele-werk\/\" class=\"more-button\" >Lees meer <i><\/i><\/a>\n\t\t\t\t\t<\/div>\n\t\t<\/div><\/div><\/div><div id=\"pg-465-2\"  class=\"panel-grid panel-no-style\" ><div id=\"pgc-465-2-0\"  class=\"panel-grid-cell panel-grid-cell-empty panel-grid-cell-mobile-last\" ><\/div><div id=\"pgc-465-2-1\"  class=\"panel-grid-cell panel-grid-cell-empty\" ><\/div><\/div><div id=\"pg-465-3\"  class=\"panel-grid panel-no-style\" ><div id=\"pgc-465-3-0\"  class=\"panel-grid-cell\" ><div id=\"panel-465-3-0-0\" class=\"so-panel widget widget_widget_sp_image widget_sp_image panel-first-child panel-last-child\" data-index=\"4\" ><img loading=\"lazy\" decoding=\"async\" width=\"1153\" height=\"768\" class=\"attachment-full\" style=\"max-width: 100%;\" srcset=\"https:\/\/klusbedrijfweltevree.nl\/wp-content\/uploads\/2018\/03\/klusser-122.jpg 1153w, https:\/\/klusbedrijfweltevree.nl\/wp-content\/uploads\/2018\/03\/klusser-122-300x200.jpg 300w, https:\/\/klusbedrijfweltevree.nl\/wp-content\/uploads\/2018\/03\/klusser-122-768x512.jpg 768w, https:\/\/klusbedrijfweltevree.nl\/wp-content\/uploads\/2018\/03\/klusser-122-1024x682.jpg 1024w, https:\/\/klusbedrijfweltevree.nl\/wp-content\/uploads\/2018\/03\/klusser-122-272x182.jpg 272w\" sizes=\"auto, (max-width: 1153px) 100vw, 1153px\" src=\"https:\/\/klusbedrijfweltevree.nl\/wp-content\/uploads\/2018\/03\/klusser-122.jpg\" \/><\/div><\/div><div id=\"pgc-465-3-1\"  class=\"panel-grid-cell\" ><div id=\"panel-465-3-1-0\" class=\"so-panel widget widget_text panel-first-child panel-last-child\" data-index=\"5\" ><h3 class=\"widget-title\">Klus- en Aannemersbedrijf Weltevree B.V.; specialist in veelzijdigheid<\/h3>\t\t\t<div class=\"textwidget\"><p>Klus- en Aannemersbedrijf Weltevree is het klusbedrijf als u op zoek bent naar iemand die in \u00e9\u00e9n keer de klus kan klaren. Al uw klusser onder \u00e9\u00e9n dak is niet voor niks onze slogan. Of het nu gaat om timmer-, tegel-, sanitair-, installatiewerk of tuin- en straatwerkzaamheden, groot of klein, bij Klus- en Aannemersbedrijf Weltevree vindt u alles onder \u00e9\u00e9n dak.<\/p>\n<\/div>\n\t\t<\/div><\/div><div id=\"pgc-465-3-2\"  class=\"panel-grid-cell\" ><div id=\"panel-465-3-2-0\" class=\"so-panel widget widget_widget_sp_image widget_sp_image panel-first-child panel-last-child\" data-index=\"6\" ><img loading=\"lazy\" decoding=\"async\" width=\"2000\" height=\"732\" class=\"attachment-full\" style=\"max-width: 100%;\" srcset=\"https:\/\/klusbedrijfweltevree.nl\/wp-content\/uploads\/2016\/04\/Logo-2017.jpg 2000w, https:\/\/klusbedrijfweltevree.nl\/wp-content\/uploads\/2016\/04\/Logo-2017-300x110.jpg 300w, https:\/\/klusbedrijfweltevree.nl\/wp-content\/uploads\/2016\/04\/Logo-2017-768x281.jpg 768w, https:\/\/klusbedrijfweltevree.nl\/wp-content\/uploads\/2016\/04\/Logo-2017-1024x375.jpg 1024w\" sizes=\"auto, (max-width: 2000px) 100vw, 2000px\" src=\"https:\/\/klusbedrijfweltevree.nl\/wp-content\/uploads\/2016\/04\/Logo-2017.jpg\" \/><\/div><\/div><\/div><\/div>","protected":false},"excerpt":{"rendered":"<p>Grote of kleine klus? Dat doen wij met aandacht, oog voor detail en juiste materialen. Lees meer Alles in \u00e9\u00e9n!? Dat betekent ons als aanspreekpunt voor al uw werkzaamheden. Lees meer Maatwerk? Dat vraagt om onze passie, kennis en ervaring. Lees meer Uw klus met extra garantie? Wij als Vlok-lid zorgen daar natuurlijk voor. Lees [&hellip;]<\/p>\n","protected":false},"author":1,"featured_media":0,"parent":0,"menu_order":0,"comment_status":"closed","ping_status":"closed","template":"","meta":{"spay_email":"","footnotes":""},"class_list":["post-465","page","type-page","status-publish","hentry","post"],"jetpack_sharing_enabled":true,"jetpack_shortlink":"https:\/\/wp.me\/P7tdYB-7v","_links":{"self":[{"href":"https:\/\/www.klusbedrijfweltevree.nl\/index.php\/wp-json\/wp\/v2\/pages\/465","targetHints":{"allow":["GET"]}}],"collection":[{"href":"https:\/\/www.klusbedrijfweltevree.nl\/index.php\/wp-json\/wp\/v2\/pages"}],"about":[{"href":"https:\/\/www.klusbedrijfweltevree.nl\/index.php\/wp-json\/wp\/v2\/types\/page"}],"author":[{"embeddable":true,"href":"https:\/\/www.klusbedrijfweltevree.nl\/index.php\/wp-json\/wp\/v2\/users\/1"}],"replies":[{"embeddable":true,"href":"https:\/\/www.klusbedrijfweltevree.nl\/index.php\/wp-json\/wp\/v2\/comments?post=465"}],"version-history":[{"count":8,"href":"https:\/\/www.klusbedrijfweltevree.nl\/index.php\/wp-json\/wp\/v2\/pages\/465\/revisions"}],"predecessor-version":[{"id":523,"href":"https:\/\/www.klusbedrijfweltevree.nl\/index.php\/wp-json\/wp\/v2\/pages\/465\/revisions\/523"}],"wp:attachment":[{"href":"https:\/\/www.klusbedrijfweltevree.nl\/index.php\/wp-json\/wp\/v2\/media?parent=465"}],"curies":[{"name":"wp","href":"https:\/\/api.w.org\/{rel}","templated":true}]}}