{"id":4,"date":"2014-04-24T21:03:38","date_gmt":"2014-04-24T20:03:38","guid":{"rendered":"http:\/\/klusbedrijfweltevree.nl\/staging\/?page_id=4"},"modified":"2020-11-27T11:49:20","modified_gmt":"2020-11-27T10:49:20","slug":"wie-zijn-wij","status":"publish","type":"page","link":"https:\/\/www.klusbedrijfweltevree.nl\/index.php\/wie-zijn-wij\/","title":{"rendered":"Wie zijn wij?"},"content":{"rendered":"<p><a href=\"http:\/\/klusbedrijfweltevree.nl\/wp-content\/uploads\/2014\/04\/dscn00601.jpg\"><img loading=\"lazy\" decoding=\"async\" class=\"alignright wp-image-74 size-medium\" src=\"http:\/\/klusbedrijfweltevree.nl\/wp-content\/uploads\/2014\/04\/dscn00601-300x225.jpg\" alt=\"Barry de Vreede\" width=\"300\" height=\"225\" srcset=\"https:\/\/klusbedrijfweltevree.nl\/wp-content\/uploads\/2014\/04\/dscn00601-300x225.jpg 300w, https:\/\/klusbedrijfweltevree.nl\/wp-content\/uploads\/2014\/04\/dscn00601.jpg 1024w\" sizes=\"auto, (max-width: 300px) 100vw, 300px\" \/><\/a>Klus- en Aannemersbedrijf Weltevree B.V., opgericht in 1999 door Barry de Vreede, is het bedrijf als u op zoek bent naar iemand die in \u00e9\u00e9n keer de klus kan klaren. &#8220;Al uw klussen onder \u00e9\u00e9n dak&#8221;, is niet voor niks onze slogan. Of het nu gaat om timmer-, tegel-, sanitair-, installatiewerk of tuin- en straatwerkzaamheden, groot of klein, bij Klus- en Aannemersbedrijf Weltevree vindt u alles onder \u00e9\u00e9n dak.<\/p>\n<p>Klus- en Aannemersbedrijf Weltevree B.V. is werkzaam in de regio&#8217;s Lansingerland en Zuidplas\u00a0 en gespecialiseerd in bouw-, verbouw- en onderhoudswerkzaamheden in en rondom huis en bedrijf.<br \/>\nMet zeer veel aandacht voor uw persoonlijke wensen, kwaliteit en detail, zijn wij aangesloten bij de VLOK, de brancheorganisatie voor klusbedrijven die veel waarde hechten aan kwaliteit en aan persoonlijke service.<\/p>\n<p><strong>Werkwijze<\/strong><\/p>\n<p>Wanneer u overweegt door ons werk uit te laten voeren kunt u ons via info@klusbedrijfweltevree.nl of via de contact pagina bereiken. Graag maken wij dan een afspraak om bij u thuis, of op locatie als het werk buitenshuis plaats vindt, kennis te maken en uw wensen door te nemen. Vervolgens maken we voor u een passende offerte en bespreken wij deze met u; Een offerte is immers maatwerk. Eventueel is het ook mogelijk de offerte op te sturen per e-mail of post. Een offerte lichten wij graag mondeling toe. Op deze manier kunnen we in gesprek met elkaar nagaan of al uw wensen zijn meegenomen en\/of er nog aanpassingen in de offerte gemaakt moeten worden.<\/p>\n<p>Als u gebruik wilt maken van onze aanbieding, dan ontvangen wij graag een getekend exemplaar van onze offerte retour. Als de getekende versie bij ons is aangekomen zullen wij zo spoedig mogelijk met u een afspraak maken voor het uitvoeren van de werkzaamheden. Als de werkzaamheden voltooid zijn, leveren wij het werk altijd bij u &#8216;op&#8217;. Dit betekent dat we gezamenlijk de uitgevoerde werkzaamheden nalopen zodat u kunt aangeven of alles conform offerte en naar tevredenheid is uitgevoerd.<\/p>\n","protected":false},"excerpt":{"rendered":"<p>Klus- en Aannemersbedrijf Weltevree B.V., opgericht in 1999 door Barry de Vreede, is het bedrijf als u op zoek bent naar iemand die in \u00e9\u00e9n keer de klus kan klaren. &#8220;Al uw klussen onder \u00e9\u00e9n dak&#8221;, is niet voor niks onze slogan. Of het nu gaat om timmer-, tegel-, sanitair-, installatiewerk of tuin- en straatwerkzaamheden, [&hellip;]<\/p>\n","protected":false},"author":1,"featured_media":0,"parent":0,"menu_order":0,"comment_status":"closed","ping_status":"closed","template":"templates\/template-full.php","meta":{"spay_email":"","footnotes":""},"class_list":["post-4","page","type-page","status-publish","hentry","post"],"jetpack_sharing_enabled":true,"jetpack_shortlink":"https:\/\/wp.me\/P7tdYB-4","_links":{"self":[{"href":"https:\/\/www.klusbedrijfweltevree.nl\/index.php\/wp-json\/wp\/v2\/pages\/4","targetHints":{"allow":["GET"]}}],"collection":[{"href":"https:\/\/www.klusbedrijfweltevree.nl\/index.php\/wp-json\/wp\/v2\/pages"}],"about":[{"href":"https:\/\/www.klusbedrijfweltevree.nl\/index.php\/wp-json\/wp\/v2\/types\/page"}],"author":[{"embeddable":true,"href":"https:\/\/www.klusbedrijfweltevree.nl\/index.php\/wp-json\/wp\/v2\/users\/1"}],"replies":[{"embeddable":true,"href":"https:\/\/www.klusbedrijfweltevree.nl\/index.php\/wp-json\/wp\/v2\/comments?post=4"}],"version-history":[{"count":9,"href":"https:\/\/www.klusbedrijfweltevree.nl\/index.php\/wp-json\/wp\/v2\/pages\/4\/revisions"}],"predecessor-version":[{"id":525,"href":"https:\/\/www.klusbedrijfweltevree.nl\/index.php\/wp-json\/wp\/v2\/pages\/4\/revisions\/525"}],"wp:attachment":[{"href":"https:\/\/www.klusbedrijfweltevree.nl\/index.php\/wp-json\/wp\/v2\/media?parent=4"}],"curies":[{"name":"wp","href":"https:\/\/api.w.org\/{rel}","templated":true}]}}